its digit of r?
9
Let m(q) = -q**3 + 8*q**2 - 10*q + 24. Let i be m(7). Suppose 2*v - i*b - 209 = -8*b, -v = 3*b - 107. What is the units digit of v?
2
Suppose -46 + 313 = 3*l. Suppose b + 18 - l = 0. What is the units digit of b?
1
Suppose 53*y - 8609 = 19269. What is the tens digit of y?
2
Suppose 0 = 17*a - 13*a - 340. Suppose 2*f = 75 + a. Let c = f + -38. What is the tens digit of c?
4
What is the units digit of (392/(-42))/(2 + 295/(-147))?
2
Let x(k) = k**3 - 3*k**2 - 6*k + 6. Let p be x(4). Let n be ((-2)/4)/(p/12). Suppose 2*b - 30 = -2*h, n*h - b - 4*b - 45 = 0. What is the units digit of h?
5
Let f = 88 + -88. Suppose -4*q + 412 = 3*v - 343, f = 3*v - q - 730. What is the hundreds digit of v?
2
Let c be (10/(-6))/((-3)/9). Suppose 4*h + 3 = 5*a + 1, -5*h = c*a - 20. Suppose 5*x + 7 = -3*o + 198, a*o - 154 = -4*x. What is the tens digit of x?
4
Let t be -5 + 7 - (-5 + 1). Let j(a) = 275*a + 2. Let d be j(t). What is the tens digit of 2/(-13) - d/(-91)?
1
Suppose -47 = 6*u + 25. What is the units digit of u/10*(-65)/26?
3
Let t be (-28)/30*9 - (-2)/5. Let m(a) = a**2 - 10*a - 2. What is the hundreds digit of m(t)?
1
Suppose 0*s = 4*s + 1812. What is the units digit of (48/20)/(-4) - s/5?
0
Suppose -c + 2038 = 3*q, 5*q + c - 2569 - 829 = 0. What is the hundreds digit of q?
6
Suppose 10*j + 504 = -86. Let y = j - -135. What is the tens digit of y?
7
Let c(k) = k**2 + 13*k - 45. Let i be 57/12 + -5 + 189/(-12). What is the units digit of c(i)?
3
Let p = 61 + -4. Let m = 108 - p. What is the tens digit of m?
5
Let f be (24/18)/(15/(-9) + 2). Suppose 2*p - f*o = 14 + 4, 3*p - 2*o = 43. What is the tens digit of p?
1
What is the thousands digit of (-1033280)/(-170) - (8/(-34))/(-2)?
6
Let m be (4/12)/((-3)/954*2). Let p = 57 + m. What is the units digit of p?
4
Let f(a) = -2*a**3 - 13*a**2 - a - 4. What is the units digit of f(-9)?
0
Suppose -4*f + 510 = 4*w - 1562, -4*w + 2108 = -5*f. What is the tens digit of w?
2
What is the tens digit of (-358 + 3)*(18/(-5) + 2)?
6
Let q(a) = -18*a - 15*a + 14 + 23*a. What is the units digit of q(-8)?
4
Suppose -68040 = -13*c - 32*c. What is the hundreds digit of c?
5
Let b(j) = 2*j - 11. Let z be b(9). Let h(i) = -i**2 + 8*i - 1. Let r be h(z). Let c = r - -22. What is the tens digit of c?
2
Let r(b) = 8*b**2 - 19*b + 1. Let a be r(8). Suppose -3*h - 64 = -a. What is the units digit of h?
9
Let z(k) = -k**3 + 9*k**2 - 5*k + 11. Let c be (-2 + 0)/((-4)/16). What is the tens digit of z(c)?
3
Suppose 302 = 7*l - 2*l + c, -l + 4*c + 52 = 0. Let x = l - 36. What is the tens digit of x?
2
Suppose -4*h + 4324 = t, 2*t - 4*h = -0*h + 8696. What is the hundreds digit of t?
3
Suppose 3*o + o + 12 = -4*k, 2*k + 15 = -5*o. Suppose -3*h + 4 = -h. Suppose -h*r = -k*r - 42. What is the tens digit of r?
2
Let v = 1374 - 462. What is the units digit of v?
2
Let h(l) = l**2 + 16*l - 9. Let i be h(-14). Let x = i + 65. What is the units digit of x?
8
Let u(g) = 38*g**2 + 4*g + 3. Let b(i) = 153*i**2 + 17*i + 13. Let c(m) = -2*b(m) + 9*u(m). What is the units digit of c(-2)?
1
Let j = -7 + 7. Let b(z) = j*z - z - 2 + 3 + 2*z + 2*z**2. What is the units digit of b(-3)?
6
Let j(l) = 0*l**2 - 2*l**2 + l**2 - 1 + 0*l**2 - 7*l. Let u be j(-6). Let i(p) = p + 5. What is the tens digit of i(u)?
1
Let o(w) = -3*w - 2. Suppose b = -5*t - 17, -b - 2*t = -2*b + 4. Let n be o(b). Suppose 8*x - 64 = n*x. What is the tens digit of x?
1
What is the tens digit of (4 - (-1 + 1)) + 382?
8
Suppose 159*a - 164*a + 5870 = 0. What is the tens digit of a?
7
Let x be (-18)/(-8) - 2 - 59/(-4). What is the tens digit of (6/x)/((-1782)/(-890) - 2)?
7
Suppose 18 + 18 = 3*t. Suppose u = -2*u + t. What is the tens digit of u/(-10) + (-462)/(-30)?
1
What is the thousands digit of (75/(-6) - -10)/((-3)/1446)?
1
Let q(a) = -a**3 + 26*a**2 - 51*a - 15. What is the units digit of q(23)?
9
Suppose 50 = 2*u + 3*u. Let i(l) = l**2 + 116 - 54 - 52 - 10*l. What is the units digit of i(u)?
0
Suppose -285*y + 283*y - 2 = 0, 2*k - 3773 = 3*y. What is the thousands digit of k?
1
Suppose -4*w - 4*q = -100, -108 = -4*w - 5*q - 7. Suppose -6*v + w = -18. What is the units digit of v?
7
Let v be 1/1 + 21/((-9)/(-3)). Suppose v = j - 11. What is the tens digit of j?
1
Suppose 16568 = 13*a + 5609. What is the units digit of a?
3
Suppose -9*x = -13*x + 8, x + 9982 = 4*c. What is the thousands digit of c?
2
Let g = 558 - 321. What is the hundreds digit of g?
2
Let c(m) = -m + 7. Let f be c(5). Suppose 3*k = -f*z + 12, 20 = 4*k + 4*z + 8. Suppose -3*t - 96 = -k*t. What is the units digit of t?
2
Let g be 1/(5/(-33))*-5. Let x be -1 + (-268)/24 + (-3)/(-18). Let y = x + g. What is the tens digit of y?
2
Let r = 4 + 0. Suppose -2*h - 92 = -r*h. What is the units digit of h - (-4)/(-1 + 5)?
7
What is the units digit of (-52)/16 + 3/12 - -668?
5
What is the hundreds digit of 57/(-6)*-38 - -6?
3
What is the thousands digit of 1/8 - 204300/(-160)?
1
Let v(u) = -u**3 + 2*u**2 - u + 762. Let j be v(0). Suppose y + j = 7*y. What is the units digit of y?
7
Let k = -24 + 29. Let d = k - 9. What is the units digit of d/22 - 816/(-132)?
6
Let d = 37 - -306. What is the tens digit of d?
4
Suppose -7 = -2*t + 19. Let b = -10 + t. Suppose 2*m + 5*n - 19 = 0, 3*n + 0*n - 3 = b*m. What is the units digit of m?
2
Suppose 9*c - 8*c = 3. Suppose c*m - 29 = -5*g, 5*m - 21 = -5*g + 14. Suppose -m*h + 8 = q - 6, 0 = -4*h + 2*q + 22. What is the units digit of h?
5
Let f(o) = -o**3 - 13*o**2 - 132*o + 62. What is the tens digit of f(-14)?
0
Let o(a) = -a**2 + 12*a + 24. Let p be o(14). Let h(y) be the first derivative of -7*y**2/2 + 3*y + 1. What is the units digit of h(p)?
1
Suppose 3*m + 5*t - 34 - 2 = 0, 3*t + 9 = 0. Suppose -99 = -m*i + 14*i. What is the units digit of i?
3
Suppose -4*l = d - 35, 14 = 2*d - 3*l - 56. Let b = -17 + d. What is the units digit of b?
8
Suppose -27*l = -23*l - 16. Suppose l*g - 2*y - 30 = 0, 2*y = 2*g + g - 24. What is the units digit of g?
6
Let x = 16 - 23. Let f = 12 + x. What is the units digit of (-13)/(-65) + 84/f?
7
What is the tens digit of 4/22 - 6468/(-363)?
1
Let n(l) = l**3 + l + 15. Let m(q) = -q + 18. Let x be m(18). What is the tens digit of n(x)?
1
Suppose 23 + 32 = -5*r. What is the tens digit of ((-6)/8)/(r/748)?
5
Suppose 22*l - 747 = 13*l. What is the tens digit of l?
8
What is the tens digit of -982*(4/(-14))/((-12)/(-21))?
9
Let h be (5 + -5)*(-1)/(-2) + -175. Let q = h + 357. What is the units digit of q?
2
Suppose 2*i - 32 = 6*i. What is the tens digit of 5004/48 + 2/i?
0
Suppose i = 546 - 512. What is the tens digit of i?
3
Let l(v) = -2*v**2 + 6*v + 16. Let y be l(11). What is the tens digit of (-4 + y/(-25))*20?
4
Let m(j) = 25*j - 140. What is the units digit of m(26)?
0
Let u = -6 - -8. Suppose 5*j - 12 = -u. Suppose c - j = 1. What is the units digit of c?
3
Let c(a) = 9*a**2 - 3*a + 4. Let h be c(2). Let g = 30 - h. What is the tens digit of (39/6)/(g/(-24))?
3
Let u be (94/3)/(4/54). Suppose -2*z + u = -801. What is the tens digit of z/30*10/4?
5
Suppose -3*q - v = 4*v + 28, 5*q - 2*v - 5 = 0. Let m(o) = -2*o**3 + 1. Let r be m(q). Suppose 4*p + p - r*b = 0, -2*b = -10. What is the units digit of p?
3
Let r(b) = -2*b**2 + 41*b - 9. Let d(p) = p**2. Let o(i) = d(i) + r(i). What is the units digit of o(8)?
5
Let w(j) = 4*j + 40 - 51 + 38 - 5*j. What is the units digit of w(17)?
0
Suppose -20 - 12 = -2*v. Suppose -o - v = -4*r - 0*r, 5*r = -o + 11. Suppose -14 - 6 = 4*d, -n = r*d + 5. What is the tens digit of n?
1
Let r = 585 + -531. What is the tens digit of r?
5
Let u(t) be the third derivative of -t**6/120 + t**5/5 - t**4/24 + 13*t**3/6 - 8*t**2. What is the units digit of u(12)?
1
Suppose -8*n + 24154 = 18*n. What is the units digit of n?
9
Let z be (-4)/6 - (849/9)/1. Let d = 102 + z. What is the units digit of d?
7
What is the tens digit of ((-1771)/(-35))/(4/20)?
5
Let c = 1329 + -527. What is the hundreds digit of c?
8
Suppose 0 = 4*c - 2*l - 2226, -6*l + 2778 = 5*c - 7*l. What is the hundreds digit of c?
5
Suppose 38*f - 7398 = 20*f. What is the units digit of f?
1
Suppose 5*i = 7*q - 5*q - 1040, -3*q + 1574 = -4*i. What is the units digit of q?
0
Let k be ((-2)/(-3))/(14/84). Suppose 4*j = 5*q, -k*q = -j - 19 + 8. What is